{"id":752,"date":"2024-01-31T20:02:23","date_gmt":"2024-01-31T20:02:23","guid":{"rendered":"https:\/\/sites.generatepress.com\/lens\/?page_id=752"},"modified":"2026-05-08T05:43:07","modified_gmt":"2026-05-08T05:43:07","slug":"home","status":"publish","type":"page","link":"https:\/\/snorlaxturing.com\/","title":{"rendered":"Home"},"content":{"rendered":"\n<div class=\"gb-element-c8de9a07\">\n<div class=\"gb-element-e144f63c sticky\"><\/div>\n\n\n\n<div class=\"gb-element-b8b0cf3a\">\n<div class=\"gb-element-4178daa3\">\n<span class=\"gb-text gb-text-ad5df860\">Hola xd<\/span>\n\n\n\n<h2 class=\"gb-text gb-text-e19b2ee3\">.<\/h2>\n\n\n\n<h3 class=\"gb-text\">Soy <em>El SnorlaxTuring<\/em>. Me gusta darle un toque neurodivergente a la vida. En la actualidad mi framework\/filosof\u00eda de vida se basa en la teor\u00eda de la desintegraci\u00f3n positiva de D\u0105browski. Solo por decir palabras pomposas, la verdad. Siempre he tenido aspiraciones de \u00abpolymath\u00bb, pero al final del d\u00eda, a\u00fan ando descubriendo que quiero hacer en la vida.<\/h3>\n\n\n\n<p>Por accidente, me provoco efectos Zeigarnik a m\u00ed mismo. Juro que trato ser normal, pero ya me di cuenta que nada de lo que hago es normal. <\/p>\n\n\n\n<p>Sue\u00f1o con tener un <em>think thank<\/em> en el futuro pr\u00f3ximo; pero de momento me he enfocado en el mundo de las <em>startups<\/em>.<\/p>\n\n\n\n<p>Intento ser lo m\u00e1s <em>self-aware <\/em>de mis acciones; pero usualmente fallo estrepitosamente. Las retroalimentaciones son bienvenidas. <\/p>\n\n\n\n<p>Siempre estoy abierto a nuevas experiencias. A veces leo libros como Bajo la misma estrella y otras veces a Annie Ernaux (nah, la verdad es que s\u00ed prefiero al poderoso John Green). En otras ocasiones escucho a Bad Bunny y otras veces a Iron Maiden. Love of Lesbian no puede faltar. A veces soy un rom\u00e1ntico empedernido y otras veces intelectualizo mis emociones hasta no sentirlas. <em>Damn it<\/em>. <\/p>\n\n\n\n<p>As\u00ed que si alguien lee esto. Gracias por escribir y hacer el vac\u00edo del universo un poco menos ca\u00f3tico. <\/p>\n<\/div>\n<\/div>\n<\/div>\n","protected":false},"excerpt":{"rendered":"<p>Hola xd . Soy El SnorlaxTuring. Me gusta darle un toque neurodivergente a la vida. En la actualidad mi framework\/filosof\u00eda de vida se basa en la teor\u00eda de la desintegraci\u00f3n positiva de D\u0105browski. Solo por decir palabras pomposas, la verdad. Siempre he tenido aspiraciones de \u00abpolymath\u00bb, pero al final del d\u00eda, a\u00fan ando descubriendo que &#8230; <a title=\"Home\" class=\"read-more\" href=\"https:\/\/snorlaxturing.com\/\" aria-label=\"Read more about Home\">Read more<\/a><\/p>\n","protected":false},"author":1,"featured_media":1136,"parent":0,"menu_order":0,"comment_status":"closed","ping_status":"closed","template":"","meta":{"footnotes":""},"class_list":["post-752","page","type-page","status-publish","has-post-thumbnail"],"_links":{"self":[{"href":"https:\/\/snorlaxturing.com\/index.php?rest_route=\/wp\/v2\/pages\/752","targetHints":{"allow":["GET"]}}],"collection":[{"href":"https:\/\/snorlaxturing.com\/index.php?rest_route=\/wp\/v2\/pages"}],"about":[{"href":"https:\/\/snorlaxturing.com\/index.php?rest_route=\/wp\/v2\/types\/page"}],"author":[{"embeddable":true,"href":"https:\/\/snorlaxturing.com\/index.php?rest_route=\/wp\/v2\/users\/1"}],"replies":[{"embeddable":true,"href":"https:\/\/snorlaxturing.com\/index.php?rest_route=%2Fwp%2Fv2%2Fcomments&post=752"}],"version-history":[{"count":4,"href":"https:\/\/snorlaxturing.com\/index.php?rest_route=\/wp\/v2\/pages\/752\/revisions"}],"predecessor-version":[{"id":1218,"href":"https:\/\/snorlaxturing.com\/index.php?rest_route=\/wp\/v2\/pages\/752\/revisions\/1218"}],"wp:featuredmedia":[{"embeddable":true,"href":"https:\/\/snorlaxturing.com\/index.php?rest_route=\/wp\/v2\/media\/1136"}],"wp:attachment":[{"href":"https:\/\/snorlaxturing.com\/index.php?rest_route=%2Fwp%2Fv2%2Fmedia&parent=752"}],"curies":[{"name":"wp","href":"https:\/\/api.w.org\/{rel}","templated":true}]}}